- s**3/2 - 6*s**2. Give f(w).
17
Let z(l) = 3*l - 3. Let o(p) = 1. Let h(k) = 5*o(k) + z(k). Calculate h(-2).
-4
Let x(v) be the first derivative of v**4/4 + 7*v**3/3 + 4*v**2 + 8*v + 6. Calculate x(-6).
-4
Suppose -6 = -m + 4*m. Let g(v) = v. Calculate g(m).
-2
Let t(l) = 2*l + 3. Let v be ((-1)/2)/((-4)/(-24)). Let z be (-3)/(4/(-2) - v). Calculate t(z).
-3
Let q(i) be the first derivative of -i**3/3 + i + 3. Calculate q(0).
1
Let w(f) = 3*f + 3. Let a(x) = 8*x + 10. Let r(t) = 2*a(t) - 7*w(t). What is r(-1)?
4
Let q(t) be the first derivative of 2*t**3/3 + t**2/2 - 2*t + 5. Suppose -k - 2*s - 2 = k, 0 = 4*k + 2*s + 6. Calculate q(k).
4
Suppose -3*i = m, 2*i = 7*i - 4*m. Suppose 3*v - 11 = 2*d - i*d, 3*v = d + 7. Let a(q) = 0*q + 2*q - 7 - 3*q. What is a(d)?
-3
Let y(j) be the first derivative of j**4/4 + j**2 - j + 5. Determine y(2).
11
Suppose -3*p - 3*n = 18, 2*p + 5*n + 28 = -p. Let h(l) = l**3 + l + 1. Let m(k) = 2*k**3 + 5*k + 4. Let z = 1 - 0. Let o(v) = z*m(v) - 5*h(v). Determine o(p).
2
Let o(y) be the first derivative of y**4/4 - y**2/2 + y + 2. What is o(-2)?
-5
Let o(n) be the second derivative of n + 1/6*n**3 + 1/5*n**5 + 0*n**2 + 1/6*n**4 + 0. Let r(j) = -j**3 - 3*j**2 - j + 1. Let h be r(-2). What is o(h)?
-3
Let x = 606 - 601. Let r(t) = -3*t**3 + 4*t**2 + 4*t + 3. Let k(o) = 4*o**3 - 4*o**2 - 4*o - 4. Let d(b) = 2*k(b) + 3*r(b). What is d(x)?
-4
Let l(x) = -x**3 - 6*x**2 + 6. Let y be l(-6). Let v be (2/(-3))/(y/45). Let u(c) = -c**3 - 5*c**2 + 4. Calculate u(v).
4
Let x(i) = -16*i**3 + 1. Let j(y) = y**2 + 2*y + 1. Let n be j(-2). Determine x(n).
-15
Suppose 0 = 2*f - 4*f + 14. Suppose -9*j = -f*j - 8. Let a(q) = q**2 - 5*q - 1. Calculate a(j).
-5
Let v(s) = s**3 - 3*s**2 + 1. Suppose 0 = -2*i + 5*i - 12. Let h be 6/i*12/9. Suppose h*c - 2*m - 6 = 8, 3*c - m = 13. Calculate v(c).
1
Let c(k) = 6*k - 1 - k**3 - 4 + k + 4*k**2. Determine c(5).
5
Let h be (-10)/(-25) + 44/(-10). Let y = -9 - h. Let k(g) = g**3 + 4*g**2 - 7*g - 4. Calculate k(y).
6
Let u be -1 + -2 - 10/5. Let m(y) = y - 4. Calculate m(u).
-9
Let h(s) be the second derivative of s**5/20 + s**4/4 + s**3/3 + s**2/2 - 12*s. Give h(-2).
1
Let f(s) = 3*s - 4. Let i be 4 + (-1)/(4/32). Determine f(i).
-16
Suppose 105 = 5*o + 4*t, 4 + 6 = 2*t. Let j(q) = 17 - o - q + 7*q**2. Give j(-1).
8
Let n(c) be the third derivative of c**5/30 - c**4/8 - c**3/2 - c**2. Suppose -27 = -4*i - 15. What is n(i)?
6
Let x be (-3)/(-2) - (-3)/(-18). Let r(z) be the first derivative of 2*z**2 - 1/4*z**4 - 3 - x*z**3 + 0*z. What is r(-5)?
5
Let x(v) be the third derivative of -v**5/60 + 5*v**4/24 - 2*v**3/3 - v**2. Let o be x(3). Let j(r) = -r**3 + r**2 + 4*r - 3. What is j(o)?
1
Let y(z) be the third derivative of -z**5/60 - z**3/3 - z**2. Let x(m) = -1 - 2 + 4 - 3*m. Let q be x(1). Determine y(q).
-6
Suppose -6 = 3*m, 0*f - 3*m = 2*f - 12. Let i = f - 8. Let o(s) = -2*s**2 - s + 1. What is o(i)?
-2
Let v be (5/(-2))/(2/(-72)). Let l be (-6)/(-14) + v/35. Let b(u) = -u**2 + u - 2. Calculate b(l).
-8
Let c(z) be the first derivative of z**3/3 - 2*z**2 - z + 1. Suppose 2*m - 5 = m. Suppose -5*i + 4 = 3*k - 20, 0 = -m*i + 4*k + 3. Calculate c(i).
-4
Let i(x) = -2*x - 5. Suppose 0 = 2*k - 3*k. Suppose -3*w - 2*w - 20 = k. What is i(w)?
3
Let v(j) = -2*j**2 + 4. Let q(o) = -o**3 - 10*o**2 - 4. Let h be q(-10). What is v(h)?
-28
Let h(u) = -u**2 + 6*u. Let k be h(6). Let m(g) be the third derivative of 0*g**4 - 2*g**2 + k*g + 0 + 1/15*g**5 + 1/2*g**3 + 1/120*g**6. What is m(-4)?
3
Let h(o) be the second derivative of o**5/20 - 3*o**4/4 + 3*o**2/2 - o. Let f be h(9). Let l be (2/f)/((-2)/(-3)). Let b(c) = c**2 + c. Determine b(l).
2
Let v(g) = -g - 4. Let n(p) be the first derivative of -p**2/2 + 3*p - 2. Let i be n(6). Let y = -3 - i. Give v(y).
-4
Let l(c) = -c**3 - 7*c**2 - 5*c + 1. Let p be (5/2)/(5/10). Suppose 0 = 4*i + 19 + p. Calculate l(i).
-5
Let q(h) = -5*h**2 + h. Suppose 4*p = -16 + 12. Give q(p).
-6
Let a(y) = -y**3 - 6*y**2 + 5*y - 7. Let i be -5 + 4/(-4 + 2). Determine a(i).
7
Let o(n) = 6*n - 1 + 4*n**2 + n**3 + 0*n**3 - 2*n**3. Suppose 25 = 2*b + 3*b. Suppose 0 = -2*x - b*t + 2*t + 13, -4*t = -4*x + 16. Calculate o(x).
4
Let m(k) = -19 - 7*k + 24 - 10*k**2 + 11*k**2. What is m(7)?
5
Let v = 13 + -18. Let z(l) = -l**2 - l + 7. Calculate z(v).
-13
Let x(l) be the third derivative of l**5/120 - 7*l**4/24 + l**3/6 + 4*l**2. Let z(q) be the first derivative of x(q). Give z(0).
-7
Suppose 0 = 2*x - 5*c + 15, -c = 2*x - 2*c - 5. Suppose 2 = -5*d + 32. Let i(w) = -7*w**2 + 6*w + d*w**2 - 2 - w. Calculate i(x).
-2
Let y = -12 - -17. Let n(h) = -h - 3. Let f be n(-8). Let m(r) = 7 - f*r + 6*r - 2*r. What is m(y)?
2
Let j be ((-6)/(-18))/(2/42). Let s(o) = 5*o + 5. Let p(l) = 1. Let h(y) = -y + 1. Let t(q) = -2*h(q) + 5*p(q). Let w(n) = j*t(n) - 3*s(n). What is w(5)?
1
Let y(t) = -t + 1. Let k(q) = -5*q + 5. Let g(d) = -d**2 - 2*d - 4. Let j be g(0). Let m(x) = j*y(x) + k(x). Determine m(-2).
3
Let n(j) = 3*j**2 - j - 1. Let u = 6 + -4. Give n(u).
9
Let h(n) = -n**3 + n - 3. Let f(o) = o - 1. Let z(d) = 3*f(d) - h(d). Give z(-3).
-33
Let b(g) = 17*g + 2 + g**2 + 21*g + 16*g - 59*g. Let v be (13 - 1)*1/2. Determine b(v).
8
Suppose 5*w - 2*w = 6. Let s(r) = r**2 + 3 - 4 + 3. Give s(w).
6
Let n(v) = -3*v + 15. Let b be n(7). Let f(d) = -d**2 - 7*d - 6. What is f(b)?
0
Let i(k) = -k**2 - k + 3. Let c = -44 - -78. Let f be c/6 - 1/(-3). Suppose q - 2 + f = 0. What is i(q)?
-9
Let m = -78 - -79. Let y(g) be the third derivative of g**4/24 - 2*g**2. Let x(i) = 15*i. Let b(f) = x(f) - 10*y(f). Calculate b(m).
5
Let b(i) = -2*i - 29. Let u be b(-13). Let z(t) = t**3 + t**2 - 5*t - 2. Give z(u).
-5
Suppose w - 23 + 7 = 0. Let b = -11 + w. Let c(f) = -f**3 + 6*f**2 - 5*f + 7. What is c(b)?
7
Let s(b) = 7*b - 1 - b - 2*b. Let f = -3 + 5. Let q(o) = -2*o. Let h(l) = f*s(l) + 6*q(l). What is h(-2)?
6
Suppose v - 7 = -4. Let l(n) = -n - 1. Calculate l(v).
-4
Let c(h) = 0*h - 2*h + 0*h + 2. Give c(4).
-6
Let g(v) = -5*v**3 + v**2 - 2*v + 1. Let k(w) = w**3 - 11*w**2 + w - 8. Let y be k(11). Suppose 0 = -6*c + 3*c + y. Give g(c).
-5
Let x(t) = -6*t**2 - 9*t + 8. Let q(d) = -d**2 - d + 1. Suppose g = -0 - 5. Let w(v) = g*q(v) + x(v). Give w(-4).
3
Let n(b) = 5*b**2 + b + 1. Let z(j) = j**3 - j**2 - 3*j + 1. Let f be z(2). What is n(f)?
5
Let w(x) = -x**2 - 7*x + 1. Let j be w(-7). Let v(i) = -4*i**3 + i. Calculate v(j).
-3
Suppose -4*d = -13 + 1. Suppose d*q + q = 16. Suppose -3*y = -m - q, -5*m - 3*y = -0*y + 2. Let r(v) = -v**2 - 1. What is r(m)?
-2
Let c be (-6)/(-4) + 122/4. Let g = -28 + c. Let p(k) = -k**3 + 4*k**2 - 4. Calculate p(g).
-4
Let d(n) = -60*n + 55. Let t(b) be the first derivative of -b**2/2 + b + 3. Let j(k) = 2*d(k) - 110*t(k). Determine j(-1).
10
Let h be (-5 + 0)/(-1) + -2. Let n(d) be the second derivative of d**3/6 - d**2/2 - 2*d - 11. Give n(h).
2
Let g(y) = -1. Let t(j) = j + 10. Let q(x) = 6*g(x) + t(x). Determine q(-6).
-2
Let t be (-3)/12 + (-6)/8. Let a(k) = 2*k**3 + 2*k**2 - 1. Give a(t).
-1
Let g(l) be the first derivative of l**2/2 + 15*l + 8. What is g(0)?
15
Let v(u) = u - 1. Let m be v(5). Let r(h) = m*h + h - 4*h. Determine r(5).
5
Let u(j) = -6*j**2 - j + 4*j**2 - 2 - 4*j + 6*j - 2*j**3. Determine u(-2).
4
Let m(t) = 5*t + 2. Let d(p) = -6*p - 2. Suppose 12 - 37 = 5*c. Let k(a) = c*m(a) - 4*d(a). Let i be (-4)/(-10) + 17/(-5). Determine k(i).
1
Let l = 0 + -1. Let s be ((-6)/(-2) + -5)*l. Let p(r) be the first derivative of -7*r**2/2 + 3*r + 3. Give p(s).
-11
Let b(j) = -175*j - 1 + 166*j + 2. Calculate b(2).
-17
Let o(t) = -t + 2*t**2 + 0*t + 0*t**2 - 3*t**2. Calculate o(4).
-20
Suppose 2*r = r + 2. Let o(m) = -1 - m + r*m - 2*m - 1. Let z be (-5)/(-15) + (-7)/3. Determine o(z).
0
Let a(o) = 3*o**2 - 7*o - 12. Let t(f) = 2*f**2 - 7*f - 11. Let m(j) = 3*a(j) - 4*t(j). Let q(s) = -s + 3. Let h be q(9). What is m(h)?
2
Let l be -1 + -6 - 4*(-6)/12. Let s(p) = -1. Let i(w) = -w - 4. Let g(z) = -i(z) - 5*s(z). Determine g(l).
4
Let v(p) = -4*p + 1 + 6 + 3 - 5. What is v(7)?
-23
Let m(x) be the first derivative of 7/2*x**2 + 5 + 3*x - 1/3*x**3. Calculate m(6).
9
Let a(j) = j**2 + 3*j - 2*j**2 + 3 + 0*j**2. Let u(h) = -h**3 - 5*h**2 + 5*h + 2. Let z be u(-6). Suppose -1